{"id":1112,"date":"2019-12-12T10:49:03","date_gmt":"2019-12-12T09:49:03","guid":{"rendered":"http:\/\/www.dpsg-bonifatius.de\/?page_id=1112"},"modified":"2025-01-22T16:06:24","modified_gmt":"2025-01-22T15:06:24","slug":"woelfingsstufe","status":"publish","type":"page","link":"https:\/\/dpsg-bonifatius.de\/?page_id=1112","title":{"rendered":"W\u00f6lfingsstufe"},"content":{"rendered":"\t\t<div data-elementor-type=\"wp-page\" data-elementor-id=\"1112\" class=\"elementor elementor-1112\" data-elementor-post-type=\"page\">\n\t\t\t\t\t\t<section class=\"elementor-section elementor-top-section elementor-element elementor-element-41a5c61 elementor-section-boxed elementor-section-height-default elementor-section-height-default\" data-id=\"41a5c61\" data-element_type=\"section\" data-e-type=\"section\">\n\t\t\t\t\t\t<div class=\"elementor-container elementor-column-gap-default\">\n\t\t\t\t\t<div class=\"elementor-column elementor-col-100 elementor-top-column elementor-element elementor-element-c7553e5\" data-id=\"c7553e5\" data-element_type=\"column\" data-e-type=\"column\">\n\t\t\t<div class=\"elementor-widget-wrap elementor-element-populated\">\n\t\t\t\t\t\t<div class=\"elementor-element elementor-element-1b2aea9 elementor-widget elementor-widget-text-editor\" data-id=\"1b2aea9\" data-element_type=\"widget\" data-e-type=\"widget\" data-widget_type=\"text-editor.default\">\n\t\t\t\t<div class=\"elementor-widget-container\">\n\t\t\t\t\t\t\t\t\t<p>Die W\u00f6lflinge sind die j\u00fcngste Gruppe bei uns im Stamm. W\u00f6lflinge sind zwischen 7 und 10 Jahren alt. Wir W\u00f6lflinge treffen uns jede Woche Freitag von 17:30 bis 19:00 Uhr im <a href=\"http:\/\/www.dpsg-bonifatius.de\/kontakt#gruppenraum\">Gruppenraum<\/a>.<\/p><p>W\u00f6lflinge sind kleine Entdecker, wir erleben Abenteuer und lernen Zusammenhalt, Selbstbewusstsein und fangen an selber mitzumischen. <br \/>Go W\u00f6lfi !<\/p>\t\t\t\t\t\t\t\t<\/div>\n\t\t\t\t<\/div>\n\t\t\t\t<div class=\"elementor-element elementor-element-5da6f71 elementor-widget-divider--view-line elementor-widget elementor-widget-divider\" data-id=\"5da6f71\" data-element_type=\"widget\" data-e-type=\"widget\" data-widget_type=\"divider.default\">\n\t\t\t\t<div class=\"elementor-widget-container\">\n\t\t\t\t\t\t\t<div class=\"elementor-divider\">\n\t\t\t<span class=\"elementor-divider-separator\">\n\t\t\t\t\t\t<\/span>\n\t\t<\/div>\n\t\t\t\t\t\t<\/div>\n\t\t\t\t<\/div>\n\t\t\t\t\t<\/div>\n\t\t<\/div>\n\t\t\t\t\t<\/div>\n\t\t<\/section>\n\t\t\t\t<section class=\"elementor-section elementor-top-section elementor-element elementor-element-f058751 elementor-section-boxed elementor-section-height-default elementor-section-height-default\" data-id=\"f058751\" data-element_type=\"section\" data-e-type=\"section\">\n\t\t\t\t\t\t<div class=\"elementor-container elementor-column-gap-default\">\n\t\t\t\t\t<div class=\"elementor-column elementor-col-66 elementor-top-column elementor-element elementor-element-7ca87b6\" data-id=\"7ca87b6\" data-element_type=\"column\" data-e-type=\"column\">\n\t\t\t<div class=\"elementor-widget-wrap elementor-element-populated\">\n\t\t\t\t\t\t<div class=\"elementor-element elementor-element-ed99436 elementor-widget elementor-widget-spacer\" data-id=\"ed99436\" data-element_type=\"widget\" data-e-type=\"widget\" data-widget_type=\"spacer.default\">\n\t\t\t\t<div class=\"elementor-widget-container\">\n\t\t\t\t\t\t\t<div class=\"elementor-spacer\">\n\t\t\t<div class=\"elementor-spacer-inner\"><\/div>\n\t\t<\/div>\n\t\t\t\t\t\t<\/div>\n\t\t\t\t<\/div>\n\t\t\t\t<div class=\"elementor-element elementor-element-4f3708c elementor-widget elementor-widget-heading\" data-id=\"4f3708c\" data-element_type=\"widget\" data-e-type=\"widget\" data-widget_type=\"heading.default\">\n\t\t\t\t<div class=\"elementor-widget-container\">\n\t\t\t\t\t<h2 class=\"elementor-heading-title elementor-size-default\">Die Leiter<\/h2>\t\t\t\t<\/div>\n\t\t\t\t<\/div>\n\t\t\t\t\t<\/div>\n\t\t<\/div>\n\t\t\t\t<div class=\"elementor-column elementor-col-33 elementor-top-column elementor-element elementor-element-03f5fec\" data-id=\"03f5fec\" data-element_type=\"column\" data-e-type=\"column\">\n\t\t\t<div class=\"elementor-widget-wrap elementor-element-populated\">\n\t\t\t\t\t\t<div class=\"elementor-element elementor-element-2d74045 elementor-widget elementor-widget-image\" data-id=\"2d74045\" data-element_type=\"widget\" data-e-type=\"widget\" data-widget_type=\"image.default\">\n\t\t\t\t<div class=\"elementor-widget-container\">\n\t\t\t\t\t\t\t\t\t\t\t\t\t\t\t<img decoding=\"async\" src=\"https:\/\/dpsg-bonifatius.de\/wp-content\/uploads\/elementor\/thumbs\/W\u00d6LFI_Kopf_2019-oi1yfpvhg4atc455tzw6c1nup8lj4tvdkyn3fkv5j2.jpg\" title=\"W\u00d6LFI_Kopf_2019\" alt=\"W\u00d6LFI_Kopf_2019\" loading=\"lazy\" \/>\t\t\t\t\t\t\t\t\t\t\t\t\t\t\t<\/div>\n\t\t\t\t<\/div>\n\t\t\t\t\t<\/div>\n\t\t<\/div>\n\t\t\t\t\t<\/div>\n\t\t<\/section>\n\t\t\t\t<section class=\"elementor-section elementor-top-section elementor-element elementor-element-738bbc3 elementor-section-boxed elementor-section-height-default elementor-section-height-default\" data-id=\"738bbc3\" data-element_type=\"section\" data-e-type=\"section\">\n\t\t\t\t\t\t<div class=\"elementor-container elementor-column-gap-default\">\n\t\t\t\t\t<div class=\"elementor-column elementor-col-100 elementor-top-column elementor-element elementor-element-ac04229\" data-id=\"ac04229\" data-element_type=\"column\" data-e-type=\"column\">\n\t\t\t<div class=\"elementor-widget-wrap elementor-element-populated\">\n\t\t\t\t\t\t<section class=\"elementor-section elementor-inner-section elementor-element elementor-element-50dd9b5 elementor-section-boxed elementor-section-height-default elementor-section-height-default\" data-id=\"50dd9b5\" data-element_type=\"section\" data-e-type=\"section\">\n\t\t\t\t\t\t<div class=\"elementor-container elementor-column-gap-default\">\n\t\t\t\t\t<div class=\"elementor-column elementor-col-50 elementor-inner-column elementor-element elementor-element-f41b7f2\" data-id=\"f41b7f2\" data-element_type=\"column\" data-e-type=\"column\">\n\t\t\t<div class=\"elementor-widget-wrap elementor-element-populated\">\n\t\t\t\t\t\t<div class=\"elementor-element elementor-element-24f9128 elementor-widget elementor-widget-image\" data-id=\"24f9128\" data-element_type=\"widget\" data-e-type=\"widget\" data-widget_type=\"image.default\">\n\t\t\t\t<div class=\"elementor-widget-container\">\n\t\t\t\t\t\t\t\t\t\t\t\t<figure class=\"wp-caption\">\n\t\t\t\t\t\t\t\t\t\t<img decoding=\"async\" src=\"https:\/\/dpsg-bonifatius.de\/wp-content\/uploads\/elementor\/thumbs\/Julia-r0dy71kh1d7zk5dlbjy0gqvrg36pcxg7en52ywsqbo.jpg\" title=\"Julia\" alt=\"Julia\" loading=\"lazy\" \/>\t\t\t\t\t\t\t\t\t\t\t<figcaption class=\"widget-image-caption wp-caption-text\">Julia Kiunke, W\u00f6flingsleiterin<\/figcaption>\n\t\t\t\t\t\t\t\t\t\t<\/figure>\n\t\t\t\t\t\t\t\t\t<\/div>\n\t\t\t\t<\/div>\n\t\t\t\t\t<\/div>\n\t\t<\/div>\n\t\t\t\t<div class=\"elementor-column elementor-col-50 elementor-inner-column elementor-element elementor-element-560513b\" data-id=\"560513b\" data-element_type=\"column\" data-e-type=\"column\">\n\t\t\t<div class=\"elementor-widget-wrap elementor-element-populated\">\n\t\t\t\t\t\t<div class=\"elementor-element elementor-element-22d53e2 elementor-widget elementor-widget-image\" data-id=\"22d53e2\" data-element_type=\"widget\" data-e-type=\"widget\" data-widget_type=\"image.default\">\n\t\t\t\t<div class=\"elementor-widget-container\">\n\t\t\t\t\t\t\t\t\t\t\t\t<figure class=\"wp-caption\">\n\t\t\t\t\t\t\t\t\t\t<img decoding=\"async\" src=\"https:\/\/dpsg-bonifatius.de\/wp-content\/uploads\/elementor\/thumbs\/profil_dummy_lilie_300-pd3hqixtl2lagpb5hge69fyo6fgildtpg3hq5iws3o.jpg\" title=\"profil_dummy_lilie_300\" alt=\"profil_dummy_lilie_300\" loading=\"lazy\" \/>\t\t\t\t\t\t\t\t\t\t\t<figcaption class=\"widget-image-caption wp-caption-text\">Julian Kr\u00fcger, W\u00f6lfglingsleiter<\/figcaption>\n\t\t\t\t\t\t\t\t\t\t<\/figure>\n\t\t\t\t\t\t\t\t\t<\/div>\n\t\t\t\t<\/div>\n\t\t\t\t\t<\/div>\n\t\t<\/div>\n\t\t\t\t\t<\/div>\n\t\t<\/section>\n\t\t\t\t\t<\/div>\n\t\t<\/div>\n\t\t\t\t\t<\/div>\n\t\t<\/section>\n\t\t\t\t<\/div>\n\t\t","protected":false},"excerpt":{"rendered":"<p>Die W\u00f6lflinge sind die j\u00fcngste Gruppe bei uns im Stamm. W\u00f6lflinge sind zwischen 7 und 10 Jahren alt. Wir W\u00f6lflinge treffen uns jede Woche Freitag von 17:30 bis 19:00 Uhr&#8230;<\/p>\n","protected":false},"author":6,"featured_media":1099,"parent":0,"menu_order":0,"comment_status":"closed","ping_status":"closed","template":"","meta":{"footnotes":""},"class_list":["post-1112","page","type-page","status-publish","has-post-thumbnail","hentry"],"lang":"de","translations":{"de":1112},"pll_sync_post":[],"_links":{"self":[{"href":"https:\/\/dpsg-bonifatius.de\/index.php?rest_route=\/wp\/v2\/pages\/1112","targetHints":{"allow":["GET"]}}],"collection":[{"href":"https:\/\/dpsg-bonifatius.de\/index.php?rest_route=\/wp\/v2\/pages"}],"about":[{"href":"https:\/\/dpsg-bonifatius.de\/index.php?rest_route=\/wp\/v2\/types\/page"}],"author":[{"embeddable":true,"href":"https:\/\/dpsg-bonifatius.de\/index.php?rest_route=\/wp\/v2\/users\/6"}],"replies":[{"embeddable":true,"href":"https:\/\/dpsg-bonifatius.de\/index.php?rest_route=%2Fwp%2Fv2%2Fcomments&post=1112"}],"version-history":[{"count":10,"href":"https:\/\/dpsg-bonifatius.de\/index.php?rest_route=\/wp\/v2\/pages\/1112\/revisions"}],"predecessor-version":[{"id":1936,"href":"https:\/\/dpsg-bonifatius.de\/index.php?rest_route=\/wp\/v2\/pages\/1112\/revisions\/1936"}],"wp:featuredmedia":[{"embeddable":true,"href":"https:\/\/dpsg-bonifatius.de\/index.php?rest_route=\/wp\/v2\/media\/1099"}],"wp:attachment":[{"href":"https:\/\/dpsg-bonifatius.de\/index.php?rest_route=%2Fwp%2Fv2%2Fmedia&parent=1112"}],"curies":[{"name":"wp","href":"https:\/\/api.w.org\/{rel}","templated":true}]}}